
0
Let d(p) = p**2 + 116 - 121 - 3*p + 12*p. Let o be d(-10). Suppose -l - 82 = -2*n + l, -3*n - o*l + 91 = 0. What is the tens digit of n?
3
Let t(h) = -h**3 + 13*h**2 + 19675. What is the ten thousands digit of t(0)?
1
Let k be (-3)/(-9) + 14348/12 + 3. Let z = k + -121. What is the thousands digit of z?
1
Let j(f) be the second derivative of -f**4/12 + 7*f**3/6 + 3*f**2 - 23*f. Let u be j(8). What is the units digit of u/(-3 - 1208/(-404))?
2
Suppose -2*l = -51 + 9. Let t be 56/(-14) - (l - 0). What is the units digit of 8/(-20) - 1535/t?
1
Let b be 4 - 1 - (35 + -14). What is the tens digit of (-12267)/b - (-3)/6?
8
Let i(r) = r - 5. Let l be i(-9). Let k(q) = q. Let o(v) = -v**2 - 18*v + 4. Let t(d) = 3*k(d) + o(d). What is the tens digit of t(l)?
1
Let p(x) be the third derivative of 0 - 17/6*x**3 - 45*x**2 + 0*x + 5/8*x**4. What is the tens digit of p(3)?
2
Let o be (9/(-24))/3 + 1604/32. Let j(a) = a**3 - 48*a**2 - 72*a + 142. What is the thousands digit of j(o)?
1
Suppose -12*r = -126*r + 3330510. What is the hundreds digit of r?
2
Let a(w) = -9*w - 6*w - 39*w**2 - 4*w**3 + 56*w**2 - 12 + 3*w**3. Let t be a(14). Suppose t = -19*s + 25*s. What is the units digit of s?
1
Suppose 32 + 4 = -18*x. What is the tens digit of (1166/(-3) - x)*6/(-5)?
6
Let q(g) = -g**3 + 9*g**2 - 10*g + 13. Let o(n) = 62*n**2 + n**3 - 35*n**2 - 27*n**2. Let j(u) = 2*o(u) + q(u). What is the units digit of j(-9)?
3
Let c = 3533 - -620. What is the tens digit of c?
5
What is the tens digit of ((-572)/(-4))/(3 + 187/(-66))?
5
Let m(g) = 10*g + 8*g - 6 - 26*g + 10*g. Let u be m(6). Suppose -u*w - 280 = -10*w. What is the units digit of w?
0
What is the thousands digit of 293094/15 + (-40)/25?
9
Let m = 593 + -2309. Let q = -913 - m. What is the tens digit of q?
0
Suppose -9*w = -7*a + 6*a + 20956, 4*a = w + 83789. What is the hundreds digit of a?
9
Suppose -1777 = -2*m - m + 1769. What is the thousands digit of m?
1
Suppose 60 = 8*z + 2*z. What is the tens digit of z - (-2 + 9) - -425?
2
Let g = 14 + -19. Let i(r) = 11*r**2 - 7*r - 1. What is the units digit of i(g)?
9
Suppose -5*g - 5*t + 134565 = 0, 5*g - 134574 = 69*t - 65*t. What is the tens digit of g?
1
Suppose 3*w + 1034*m - 1037*m = 78177, 2*m = w - 26051. What is the thousands digit of w?
6
Let x = 1038 - -452. Suppose -5*i + 17 = -0*i - b, 2*i = b + 8. Suppose 5*f + i*u = -u + x, 0 = u. What is the units digit of f?
8
Suppose 14*f - 142772 + 34622 = -0*f. What is the hundreds digit of f?
7
Let c(l) = 7*l**3 - l**2 + l - 1. Let k be c(1). Let x be 10 - 3/k*(-2 + 2). Let q = 83 - x. What is the tens digit of q?
7
Let v = -47 + 48. Suppose -23 - v = -6*w. Suppose -c = -3*d + 205, -171 = w*d + 5*c - 476. What is the units digit of d?
0
Let b(u) = 26 + 10 + 36 - 44*u - 6. What is the hundreds digit of b(-8)?
4
Let s(a) = -19*a + 131. Let j(n) = -6*n + 44. Let p(x) = 17*j(x) - 6*s(x). Let h be p(5). Suppose -2 + h = -5*l, -i + 12 = -l. What is the units digit of i?
8
Suppose -83847*l + 674394 = -83833*l. What is the units digit of l?
1
Let o be -8 + -5 + (-6 - -17). What is the units digit of ((-909)/o)/9*12/6?
1
Let t(q) = -45*q**3 + 10 - 46*q**3 - 15*q**2 + 133*q**3 + 7*q - 50*q**3. What is the tens digit of t(-5)?
0
Suppose -3*g = 2*k - 9, 5*g + 6 - 19 = -4*k. Suppose g*b + 42 = h, 3*h - 270 = -3*b - 54. What is the units digit of h?
7
Suppose 0 = 4*a + 6 - 38. Let t be (-24)/(-96) + 134/a. Let g = t + 8. What is the units digit of g?
5
Let h = -32290 + 68227. What is the tens digit of h?
3
Suppose 0*d = -15*d + 120. Let n = -16 + 28. Suppose 816 = -d*l + n*l. What is the hundreds digit of l?
2
Let x(m) = -6633*m + 1200. What is the thousands digit of x(-2)?
4
Let h be 38/(-95)*45/(-6). What is the tens digit of (813 + 6)/h + -2?
7
Let c be (66 - 1)/(2/78). Suppose -827 - 5533 = -5*u + 3*k, -c = -2*u + 3*k. Suppose -54*f + 59*f - u = 0. What is the tens digit of f?
5
Let j be (-669)/9*(239 - -1)/(-5). Suppose 3*c = 5*b - j - 824, -2*c = 3*b - 2639. What is the hundreds digit of b?
8
Suppose -97*i = -1457128 - 1361401. What is the hundreds digit of i?
0
Suppose -107242 - 125808 = 10*x. Let r be (-19)/(-114) - (x/6)/5. Suppose r = 3*f - 3*d, 3*f + 10*d = 5*d + 809. What is the units digit of f?
3
Let f be 4/(-6)*(19 + -16). What is the units digit of (7 - -1)/(f/(-9))?
6
What is the ten thousands digit of (-3*(-5)/(-75))/((-1 - 2)/304995)?
2
Let f = 188 - 186. Suppose 0 = -4*k - 3*w + 2286, 2276 = 2*k + 2*k - f*w. What is the units digit of k?
0
Let j = 506 - -6854. What is the tens digit of j?
6
Let r = 94 - 57. Suppose c - 43 + 7 = 3*o, -2*o = -4*c + 144. Suppose -r*y = -c*y - 79. What is the units digit of y?
9
Suppose -3264*g + 3219*g = -1322100. What is the ten thousands digit of g?
2
Let z = -33 - -71. Suppose -z*m = -40*m + 48. What is the units digit of (-28)/10 + m/30 - -24?
2
Let y = -1721 + 4760. What is the hundreds digit of y?
0
Let o(j) = -j**3 + 7*j**2 + 3*j + 36. Let l be o(8). What is the units digit of (-1551)/l - ((-612)/(-48) + -13)?
8
Let k(m) = m + 1. Let u(o) = o + 2. Let s(i) = 3*k(i) - 2*u(i). Let w be s(6). Suppose 3*c - 2*c - 195 = -w*y, -2*c = 5*y - 375. What is the tens digit of c?
8
Let z = 361 - 196. Suppose 161*c - z*c + 3168 = 0. What is the tens digit of c?
9
Suppose -4*f + 3 - 11 = 0. What is the tens digit of (-1)/f*(226 + 8)?
1
Let d(t) = t**3 - 17*t**2 + 17*t - 11. Let u be d(16). Suppose -u*j + 3*a + 372 = 0, j + 4*j - 378 = -3*a. What is the units digit of (j/(-9))/((-3)/18)?
0
Let n = 28716 - 4278. What is the ten thousands digit of n?
2
Let o = 55474 - 37181. What is the units digit of o?
3
Let u be (-424)/((-20)/(-5)) + 4. Let s be ((-2)/3)/(-1 + (-98)/u). Let w = -3 + s. What is the tens digit of w?
1
Let p be (1/(-2))/(-2*(-1)/(-12968)). Let v = -1953 + p. What is the units digit of v?
9
Let t = -135 + 139. Suppose 0 = -5*h + 3*s + 2*s + 3545, 5*h + t*s = 3572. What is the tens digit of h?
1
Let a be 66/(-4)*(66 + -64). Let f = 159 - a. What is the hundreds digit of f?
1
Suppose 2*u - 4*t - 20 = 0, 3*u = 3*t - 7*t - 20. Let x(y) = y**3 - 5*y**2 + 8*y + 10. Let m be x(7). What is the units digit of 2 + m + (u - 1) + 0?
5
Let f(u) = u**2 - 4*u + 3. Let s be f(3). Suppose 4*j + 10*j - 8064 = s. Suppose -2*v + 4*v - j = 5*k, 2*v = 2*k + 570. What is the tens digit of v?
8
Suppose 5*x + 6*x - 5247 = 0. Let y = 1051 - x. What is the units digit of y?
4
Let g(q) = q**2 - 6*q + 9. Let c(l) = -2*l - 13. Let a be c(-6). Let r be (-42)/(-3)*(a - (-3)/6). What is the units digit of g(r)?
0
What is the tens digit of 2/(6 + ((-6494)/2166 - (49 + -46)))?
8
Let r be 3099/(-12*7/(-28)). Let a = -178 + r. What is the units digit of a?
5
Let x(i) = 719*i + 1725. What is the tens digit of x(9)?
9
Suppose -4*j - 4*g = -44, j + 2*g - 19 = -5. Suppose 9*l = 14*l - 205. Let w = l - j. What is the units digit of w?
3
Suppose 18*v + 113861 = 341759. What is the ten thousands digit of v?
1
What is the thousands digit of (1 + -6654)/(22/(-132) - 8/(-144))?
9
Suppose -67*c - 9328 = -68*c - 2*f, 12 = -3*f. What is the units digit of c?
6
Let i(v) = -7*v**2 - 8*v - 31. Let j(u) = -6*u**2 - 7*u - 31. Let y be (16 - 14) + 3/1. Let z(q) = y*i(q) - 6*j(q). What is the tens digit of z(0)?
3
Let p = 6614 + -3883. What is the hundreds digit of p?
7
Suppose 3*z = 5*y + 85143, -276*z = -279*z + y + 85155. What is the thousands digit of z?
8
Suppose 40*n - 130494 = 108066. What is the hundreds digit of n?
9
Let g(i) = 3*i**2 + 33*i + 17. Let d be g(-22). Suppose 3*l - 637 = -5*x, 5*x + l = -114 + d. Suppose 9*o - 4*o - x = 0. What is the tens digit of o?
2
Suppose 11*r + 123 = 52*r. Suppose 3*v + 3*f = 402, -8 + 2 = -r*f. What is the units digit of v?
2
Let y(g) = -g**2 - 11*g - 9. Let u(s) = -1. Let p(o) = -4*o**2 - 6*o - 2. Let x be p(-2). Let n(v) = x*u(v) + 2*y(v). What is the units digit of n(-10)?
8
Suppose 20989 = u - 3*r, 4*u = 7*r - 5*r + 84006. What is the hundreds digit of u?
0
Let n(x) = x**3 - 32. Let c be n(0). Let z be ((12/(-3))/(-16))/((-4)/c). Suppose -z*v = -5*h - 194, v + 5*h = 4*v - 281. What is the units digit of v?
7
Suppose 2*m - 39 = 5*t - 8, 0 = -m + 3*t + 18. Suppose 3*c - 753 = m*a, -5*a + 3*a + 263 = c. What is the hundreds digit of c?
2
Let x(c) = -2*c**2 - 15*c - 14. Le